o(k) = k**2 - 10*k + 17. Let t be o(3). Let h be -24 - 0/t - (3 - -1). Let a be (-9)/6*(h/6 - 2). What is the greatest common factor of 40 and a?
10
Let y be (-3483)/258*(-2840)/18. What is the greatest common factor of 5 and y?
5
Suppose y - 4*h - 207 = -7*h, -2*y + 2*h = -414. Suppose -576 = -57*k + 63*k. Let z be (552/k)/((-2)/8). Calculate the greatest common divisor of z and y.
23
Let g(d) = -45*d - 356. Let c be g(-8). Suppose b + c*b - j = 168, b = -j + 30. Calculate the highest common factor of b and 528.
33
Let i be 164/6 + 2/3. Suppose -648*c = -66640 - 60368. Calculate the highest common factor of c and i.
28
Let v = 4243 - 3798. Calculate the greatest common divisor of 801 and v.
89
Suppose 2 - 17 = 5*c. Let t(g) = 3*g**3 - 5*g**2 - 2*g + 2. Let v be t(c). Let m = 166 + v. What is the greatest common factor of m and 16?
16
Let t be (-1812)/(-4) + (-1)/((-2)/18). Calculate the greatest common factor of t and 550.
22
Let p = -4 + 9. Suppose 3*w = 6*w - 2*x - 12, p*w = -4*x + 20. Let y(c) = 2*c**2 - 5*c - 4. Let z be y(4). Calculate the highest common divisor of z and w.
4
Let g(f) = 3806*f - 4878. Let w be g(9). What is the highest common factor of w and 272?
272
Let n = -20844 - -21796. What is the greatest common divisor of n and 2737?
119
Let d(j) = -2*j**2 + 176*j - 664. Let w be d(84). Calculate the highest common factor of 8376 and w.
8
Let m = 3 - -4. Let h be ((-8)/(-6))/(136/306). Suppose 7*t - 4 = h. What is the highest common factor of m and t?
1
Let v be 101/11 - (-6)/33*-1. Suppose 14*c = v*c + 65. Calculate the highest common divisor of c and 143.
13
Let t be 36/8*6/9*4. Let r be (-639)/t + 2/8. Let b = 10 - r. What is the highest common divisor of 21 and b?
21
Suppose 50*z - 81*z = -39*z + 144. Calculate the highest common factor of 2874 and z.
6
Suppose 5*g = -s + 271, -284*g + 283*g - 3*s = -57. What is the greatest common divisor of g and 5346?
54
Let p be ((-396)/(-165))/3 + (-11672)/(-10) + 1. What is the highest common factor of 1837 and p?
167
Suppose 18*m - 13*m = 0. Suppose 0 = -4*h - 5*q + 36, -5*h + 3*q + 5 + 3 = m. Calculate the greatest common divisor of 32 and h.
4
Let b = 14037 - 14021. Calculate the greatest common factor of b and 28.
4
Let n(i) = 2*i**3 + 18*i**2 + 2*i + 106. Let p be n(-13). Let x be (4 + -1)/(-8 - 10212/p). What is the highest common divisor of 2 and x?
2
Suppose 5*r + 30 = 0, 2*r = -17*f + 16*f + 2282. Calculate the greatest common divisor of 296 and f.
74
Suppose 34 - 39 = -i. Let b be i*((-18)/(-30) + 0). Calculate the highest common factor of b and 27.
3
Let c = -136413 + 136437. Let w = -11 + 29. What is the greatest common factor of w and c?
6
Let u(f) = -5*f - 58. Let z be u(-13). Suppose -80 = 2*b - z*b - 5*p, 5*b = 2*p + 66. What is the highest common divisor of b and 14?
14
Let d(v) = 13*v - 56. Let g be d(28). Let w be 33*(-2)/(-6)*1. Let c be (w/(g/(-120)))/((-3)/21). What is the greatest common divisor of c and 45?
15
Let l(b) = 64*b**2 - 3*b + 2. Let t be l(2). Let u be (t/(-16))/(3/80). Let i be u/7*(-4)/3. What is the greatest common factor of 32 and i?
16
Let v = 160 - -34. Let f = v - 182. Calculate the highest common factor of 324 and f.
12
Suppose -3*n - 6 = -5*n. Suppose n*y = 4*y - 238. Let k = -58 - -92. Calculate the greatest common divisor of k and y.
34
Let z(w) be the third derivative of 5*w**4/24 + 95*w**3/6 + 6*w**2 + 4*w. Let p be z(-15). Calculate the greatest common divisor of p and 100.
20
Let m be ((-4)/3)/(6/(-171)). Suppose 338 + m = 8*y. Suppose 89*w - 95*w + 1128 = 0. Calculate the highest common divisor of w and y.
47
Let x be (40 - (-210)/(-9))/(4/30). Let a be 1 - 3/(6/(-8)). Calculate the highest common factor of a and x.
5
Suppose 4*b - 19 = q, 2*q + b = 6*q + 46. Let d = q + 11. Suppose 3*x - 45 = -d*x. Calculate the highest common divisor of 75 and x.
15
Let v(i) = -2*i + 81149 - 81134 - 8*i**3 + 3*i + 7*i**3. Let y = 1 + -1. Let a be v(y). What is the greatest common divisor of 30 and a?
15
Let l(g) = g**3 - 3*g**2 + 29*g - 154. Let r be l(7). Calculate the highest common divisor of 95 and r.
5
Let n(b) = -4*b - 1. Let c be n(-3). Suppose -6*h + c*h = 85. Let s be 4 + -3 - (-17 - -1). Calculate the greatest common factor of s and h.
17
Let y = 2226 - 2224. Calculate the highest common divisor of 463 and y.
1
Let o = -3771 - -5996. What is the highest common divisor of o and 25?
25
Suppose -3*d + 7*f + 273 = 0, -2 = -4*d + 2*f + 340. What is the highest common divisor of 15904 and d?
28
Let a = 68 - 70. Let k be (1 - a)/(2 - 87/45). Calculate the greatest common divisor of 15 and k.
15
Let r = 454 - 442. What is the greatest common factor of r and 2364?
12
Let d(g) = 606*g**2 + 2*g - 3. Let h be d(1). Calculate the greatest common factor of h and 5.
5
Let t(u) = -29*u + 3. Let q be t(-3). Suppose 1548 + 748 + 194 = 249*n. What is the highest common factor of n and q?
10
Suppose 3*j - 4 = -5*o, 0 = 2*j - 2*o - 0*o + 8. Let x be -18*(2808/(-243) + j/(-9)). What is the greatest common divisor of 12 and x?
12
Suppose 2*b - 278 = 5*u, 4*b - 78 = u + 478. Let s(y) = -15*y - 3. Let p be s(6). Let i = p + b. What is the highest common divisor of i and 115?
23
Let a be (-312)/(-9) - 1/(-3). Let d(u) = -1199*u + 46227. Let h be d(38). What is the highest common divisor of a and h?
35
Let m = 13963 + -13675. What is the highest common factor of m and 256?
32
Suppose 0 = 216*g + 179*g - 445560. Calculate the greatest common divisor of 204 and g.
12
Let h be 3/(-18) + 1614/(-36). Let f = h - -85. Let d be 32/(-112) + 174/21. Calculate the highest common divisor of d and f.
8
Let y(s) be the second derivative of 2*s**3/3 + 26*s**2 + 18*s. Let n be y(-13). Suppose -u - 53 + 58 = n. Calculate the greatest common divisor of 40 and u.
5
Suppose 21*c = -14*c. Suppose 4*n = 4*o + 815 + 1445, c = -n + 3*o + 575. Calculate the highest common divisor of n and 14.
14
Let f = -27539 + 39076. Calculate the highest common divisor of 556 and f.
139
Let p = 13879 + -13868. Let s be (-15)/9 + (-1)/3. Let n be (-16)/(s*2/22). Calculate the highest common divisor of n and p.
11
Let b(z) = -z**2 - 12*z + 22. Let i(f) = -7*f + 16. Let q be i(4). Let y be b(q). What is the highest common divisor of 176 and y?
22
Let a(q) = 56*q**2 + 54*q - 206. Let h be a(11). Calculate the greatest common divisor of h and 36.
36
Suppose -2*h - 5*a = 5, -129*a + 134*a = 3*h - 30. Calculate the highest common factor of h and 12085.
5
Let d = 2 - -13. Suppose -4*r = 43 - 35, 128 = 3*v + 2*r. Suppose -4*b + 14 + 6 = 5*o, 4*b - o = v. What is the greatest common factor of d and b?
5
Let h be (920/(-240))/((-7)/168). Calculate the greatest common divisor of 391 and h.
23
Let m = 21 - -39. Suppose -4*d - 5*q + 177 = 0, 78 = d - 2*q + 24. What is the greatest common divisor of m and d?
12
Suppose 0 = -2*s - 18*s + 260. Let v(z) = 5*z**2 - z + 325. Let u be v(0). Calculate the highest common factor of u and s.
13
Let h = 180 + -124. Let l = h + -2. Suppose 2*c + 115*i = 113*i + 58, -2*i + 130 = 4*c. What is the highest common factor of c and l?
18
Let g be 1 - -35 - (0 - 0). Let k(m) = -m**3 - 7*m**2 + 4*m + 25. Let c be k(-6). Let r = g + c. What is the greatest common factor of r and 4?
1
Let f = -55 - -64. Let x be 78/7*14/(-2). Let g = -51 - x. What is the greatest common divisor of g and f?
9
Let x be ((-104)/(-16))/(-13)*(-653 - (-1 + -4)). What is the highest common divisor of x and 1884?
12
Let t = 786 + -782. Suppose -t + 40 = 6*u. Calculate the highest common divisor of 34 and u.
2
Suppose 4*g = g + 612. Let t be (1080/315)/(7/49*2). What is the highest common factor of g and t?
12
Suppose 19*f + 15080 = -10*f. Let b = f - -526. What is the greatest common divisor of 114 and b?
6
Suppose 28*y - 51549 - 9183 = 0. Calculate the highest common factor of y and 18.
9
Let h(j) = -2*j**3 - 4*j**2 - j. Let p be h(-4). Suppose -985*v + 112 = -978*v. Let f = p + v. Calculate the greatest common divisor of f and 12.
12
Let w(t) = t**2 - 7*t + 14. Let u be w(9). Let p be (3 + -3*u/12)*-10. Let z be (-25)/(-1)*-1*-3 - 0. Calculate the highest common divisor of p and z.
25
Let c(o) = 2*o**2 + o - 6. Let r be 3 + 483/(-9) + (-4)/12. Let w = -49 - r. Let l be c(w). Calculate the greatest common fact